{"id":1236,"date":"2017-06-13T17:08:28","date_gmt":"2017-06-13T15:08:28","guid":{"rendered":"http:\/\/cassandreluc.fr\/?page_id=1236"},"modified":"2017-11-16T09:07:18","modified_gmt":"2017-11-16T08:07:18","slug":"1236-2","status":"publish","type":"page","link":"https:\/\/cassandreluc.fr\/?page_id=1236","title":{"rendered":"Cassandre"},"content":{"rendered":"<p>[vc_row][vc_column width=\u00a0\u00bb1\/2&Prime;][vc_single_image image=\u00a0\u00bb1024&Prime; add_caption=\u00a0\u00bbyes\u00a0\u00bb style=\u00a0\u00bbvc_box_border\u00a0\u00bb onclick=\u00a0\u00bbimg_link_large\u00a0\u00bb img_link_target=\u00a0\u00bb_blank\u00a0\u00bb title=\u00a0\u00bbCassandre Luc\u00a0\u00bb][\/vc_column][vc_column width=\u00a0\u00bb1\/2&Prime;][kraft_heading heading=\u00a0\u00bbcoucou\u00a0\u00bb font_weight=\u00a0\u00bb100&Prime;][vc_column_text font_weight=\u00a0\u00bb100&Prime;]<\/p>\n<h4>J&rsquo;aime les gens, leurs tronches, leurs d\u00e9gaines, leurs gr\u00e2ces, leurs disgr\u00e2ces, les histoires qu&rsquo;ils me racontent et celles qui se racontent en silence. J&rsquo;aime la Libert\u00e9 plus que tout ! cette fragile! c&rsquo;est ma force, celle qui me met en app\u00e9tit et m&rsquo;invite \u00e0 chaque fois sur les nouveaux chemins de la vie et de la cr\u00e9ation. J&rsquo;aime la grisaille et la salet\u00e9 du crayon gris, l&rsquo;orchestration des couleurs, la qu\u00eate et le domptage des mati\u00e8res. C&rsquo;est comme \u00e7a que je trace ma route, que j&rsquo; laisse des traces de mon passage aupr\u00e8s de vous. Et bien s\u00fbr j&rsquo;essaye de faire de mon mieux! Viva la vida! Cassandre<\/h4>\n<p>[\/vc_column_text][\/vc_column][\/vc_row]<\/p>\n","protected":false},"excerpt":{"rendered":"<p>[vc_row][vc_column width=\u00a0\u00bb1\/2&Prime;][vc_single_image image=\u00a0\u00bb1024&Prime; add_caption=\u00a0\u00bbyes\u00a0\u00bb style=\u00a0\u00bbvc_box_border\u00a0\u00bb onclick=\u00a0\u00bbimg_link_large\u00a0\u00bb img_link_target=\u00a0\u00bb_blank\u00a0\u00bb title=\u00a0\u00bbCassandre Luc\u00a0\u00bb][\/vc_column][vc_column width=\u00a0\u00bb1\/2&Prime;][kraft_heading heading=\u00a0\u00bbcoucou\u00a0\u00bb font_weight=\u00a0\u00bb100&Prime;][vc_column_text font_weight=\u00a0\u00bb100&Prime;] J&rsquo;aime les gens, leurs tronches, leurs d\u00e9gaines, leurs gr\u00e2ces, leurs disgr\u00e2ces, les histoires qu&rsquo;ils me racontent et celles qui se racontent en silence. J&rsquo;aime la Libert\u00e9 plus que tout ! cette fragile! c&rsquo;est ma force, celle qui me met en app\u00e9tit et [&hellip;]<\/p>\n","protected":false},"author":2,"featured_media":0,"parent":0,"menu_order":0,"comment_status":"closed","ping_status":"closed","template":"","meta":{"footnotes":""},"_links":{"self":[{"href":"https:\/\/cassandreluc.fr\/index.php?rest_route=\/wp\/v2\/pages\/1236"}],"collection":[{"href":"https:\/\/cassandreluc.fr\/index.php?rest_route=\/wp\/v2\/pages"}],"about":[{"href":"https:\/\/cassandreluc.fr\/index.php?rest_route=\/wp\/v2\/types\/page"}],"author":[{"embeddable":true,"href":"https:\/\/cassandreluc.fr\/index.php?rest_route=\/wp\/v2\/users\/2"}],"replies":[{"embeddable":true,"href":"https:\/\/cassandreluc.fr\/index.php?rest_route=%2Fwp%2Fv2%2Fcomments&post=1236"}],"version-history":[{"count":7,"href":"https:\/\/cassandreluc.fr\/index.php?rest_route=\/wp\/v2\/pages\/1236\/revisions"}],"predecessor-version":[{"id":1395,"href":"https:\/\/cassandreluc.fr\/index.php?rest_route=\/wp\/v2\/pages\/1236\/revisions\/1395"}],"wp:attachment":[{"href":"https:\/\/cassandreluc.fr\/index.php?rest_route=%2Fwp%2Fv2%2Fmedia&parent=1236"}],"curies":[{"name":"wp","href":"https:\/\/api.w.org\/{rel}","templated":true}]}}